?
False
Is 9889 a multiple of 11?
True
Is 168 a multiple of 28?
True
Is 43 a factor of 6407?
True
Does 2 divide 20?
True
Does 86 divide 2492?
False
Does 108 divide 9857?
False
Does 10 divide 1382?
False
Does 148 divide 3595?
False
Is 151 a factor of 49830?
True
Is 8 a factor of 8?
True
Is 376 a multiple of 4?
True
Is 892 a multiple of 2?
True
Is 164 a factor of 6736?
False
Is 46 a factor of 3588?
True
Is 187 a factor of 20492?
False
Does 13 divide 27316?
False
Does 13 divide 37?
False
Is 896 a multiple of 28?
True
Does 13 divide 455?
True
Is 10 a factor of 3061?
False
Is 141 a factor of 1249?
False
Is 48 a factor of 553?
False
Is 128 a factor of 1536?
True
Is 490 a multiple of 9?
False
Is 4 a factor of 112?
True
Does 13 divide 2171?
True
Is 665 a multiple of 2?
False
Is 23 a factor of 193852?
False
Is 4 a factor of 11171?
False
Does 164 divide 28784?
False
Does 9 divide 6732?
True
Is 9 a factor of 1652?
False
Is 36 a factor of 3493?
False
Is 798 a multiple of 15?
False
Is 12 a factor of 10584?
True
Is 130 a factor of 4680?
True
Is 9454 a multiple of 58?
True
Is 630 a multiple of 7?
True
Is 72 even?
True
Is 68 a factor of 272?
True
Does 79 divide 632?
True
Does 125 divide 19077?
False
Is 320 a multiple of 64?
True
Is 10 a factor of 1360?
True
Does 101 divide 8989?
True
Does 130 divide 7937?
False
Is 11 a factor of 8528?
False
Is 1338 a multiple of 8?
False
Is 265 a multiple of 5?
True
Is 89 a factor of 579?
False
Does 198 divide 68508?
True
Does 5 divide 10618?
False
Does 17 divide 77946?
False
Does 208 divide 9984?
True
Is 14563 a multiple of 13?
False
Does 25 divide 10023?
False
Is 23 a factor of 3371?
False
Is 2030 a multiple of 19?
False
Is 37089 a multiple of 39?
True
Does 7 divide 6958?
True
Is 10106 a multiple of 104?
False
Is 5 a factor of 1231?
False
Is 14 a factor of 11676?
True
Is 102 a factor of 165921?
False
Is 20 a factor of 1616?
False
Does 8 divide 736?
True
Is 18 a factor of 9874?
False
Is 512 a multiple of 32?
True
Is 1003 a multiple of 17?
True
Does 5 divide 5470?
True
Does 69 divide 1380?
True
Does 36 divide 2916?
True
Does 13 divide 8691?
False
Is 275 a factor of 28050?
True
Does 22 divide 547?
False
Is 1747 a multiple of 2?
False
Is 13394 a multiple of 141?
False
Does 43 divide 87?
False
Does 12 divide 1836?
True
Does 18 divide 54?
True
Is 7 a factor of 2049?
False
Is 56 a factor of 5292?
False
Does 12 divide 12660?
True
Is 690 a multiple of 15?
True
Is 74 a factor of 17155?
False
Is 28280 a multiple of 28?
True
Is 13369 a multiple of 26?
False
Is 10 a factor of 9546?
False
Is 2531 a multiple of 4?
False
Is 2750 a multiple of 125?
True
Is 17 a factor of 16031?
True
Is 15 a factor of 7481?
False
Is 28254 a multiple of 17?
True
Is 8172 a multiple of 7?
False
Is 3 a factor of 1053?
True
Is 46475 a multiple of 65?
True
Is 35346 a multiple of 86?
True
Is 3769 a multiple of 7?
False
Is 14 a factor of 147266?
True
Is 8 a factor of 120?
True
Is 15 a factor of 9885?
True
Is 19 a factor of 9044?
True
Does 46 divide 1012?
True
Is 5 a factor of 2212?
False
Does 10 divide 3060?
True
Does 15 divide 1170?
True
Is 4139 a multiple of 22?
False
Is 9 a factor of 6491?
False
Is 1300 a multiple of 65?
True
Is 109 a factor of 1370?
False
Is 10 a factor of 6226?
False
Does 365 divide 73365?
True
Is 29 a factor of 6815?
True
Is 21 a multiple of 3?
True
Does 51 divide 969?
True
Is 260 a multiple of 13?
True
Is 36 a factor of 3384?
True
Does 6 divide 2982?
True
Is 29516 a multiple of 102?
False
Is 16 a factor of 6013?
False
Is 14 a factor of 12012?
True
Is 76565 a multiple of 16?
False
Is 28 a factor of 19656?
True
Is 52 a factor of 6500?
True
Is 784 a multiple of 28?
True
Is 1280 a multiple of 16?
True
Is 7 a factor of 189?
True
Is 22632 a multiple of 24?
True
Is 285 a multiple of 92?
False
Does 61 divide 26901?
True
Does 4 divide 1041?
False
Is 90 a factor of 22322?
False
Is 26 a factor of 10504?
True
Is 5 a factor of 2602?
False
Is 8 a factor of 16984?
True
Does 6 divide 2974?
False
Does 14 divide 6512?
False
Is 11 a factor of 24274?
False
Is 22656 a multiple of 96?
True
Is 41 a multiple of 2?
False
Is 1680 a multiple of 60?
True
Does 81 divide 3288?
False
Is 128 a multiple of 8?
True
Is 680 a multiple of 7?
False
Is 192 a factor of 13425?
False
Does 56 divide 3186?
False
Is 13298 a multiple of 122?
True
Is 1765 a multiple of 85?
False
Is 592 a multiple of 8?
True
Is 28 a factor of 2520?
True
Does 76 divide 38380?
True
Is 4956 a multiple of 12?
True
Does 43 divide 3992?
False
Is 83 a factor of 55433?
False
Is 28 a factor of 3164?
True
Is 12 a factor of 18012?
True
Does 14 divide 8134?
True
Is 7 a factor of 11106?
False
Is 1218 a multiple of 21?
True
Is 6 a factor of 72?
True
Is 33 a factor of 8580?
True
Is 47 a factor of 5284?
False
Is 14 a factor of 3723?
False
Is 4002 a multiple of 89?
False
Is 4 a factor of 6874?
False
Is 18 a factor of 115398?
True
Does 14 divide 252?
True
Is 11 a factor of 52797?
False
Is 194 a factor of 12416?
True
Is 19 a factor of 266?
True
Is 10 a factor of 244?
False
Is 16 a factor of 23651?
False
Is 25 a factor of 20763?
False
Does 3 divide 567?
True
Is 32 a factor of 6264?
False
Is 9600 a multiple of 100?
True
Is 1755 a multiple of 5?
True
Is 9 a factor of 8592?
False
Is 507 a multiple of 13?
True
Is 4 a factor of 468?
True
Is 128 a factor of 9088?
True
Is 12927 a multiple of 31?
True
Is 15864 a multiple of 138?
False
Is 1363 a multiple of 11?
False
Does 103 divide 3708?
True
Does 152 divide 101692?
False
Does 110 divide 13640?
True
Is 18544 a multiple of 58?
False
Does 18 divide 682?
False
Is 17020 a multiple of 74?
True
Is 10 a factor of 460?
True
Is 6210 a multiple of 69?
True
Is 6688 a multiple of 16?
True
Is 8 a factor of 22696?
True
Is 38 a factor of 2698?
True
Is 8 a factor of 792?
True
Is 2054 a multiple of 26?
True
Is 91 a factor of 14560?
True
Does 42 divide 3478?
False
Is 47 a factor of 22490?
False
Is 27 a factor of 411?
False
Does 184 divide 6072?
True
Is 7170 a multiple of 15?
True
Is 78376 a multiple of 404?
True
Does 24 divide 378?
False
Is 117 a multiple of 13?
True
Is 3526 a multiple of 82?
True
Does 37 divide 3344?
False
Is 8360 a multiple of 40?
True
Is 45 a factor of 270?
True
Is 52 a factor of 24076?
True
Is 20 a factor of 1440?
True
Does 12 divide 4404?
True
Is 91964 a multiple of 23?
False
Does 27 divide 2511?
True
Is 13 a factor of 76518?
True
Does 19 divide 9690?
True
Is 31345 a multiple of 63?
False
Does 88 divide 57904?
True
Is 13 a factor of 26?
True
Is 1038 a multiple of 49?
False
Does 136 divide 4760?
True
Is 6087 a multiple of 32?
False
Is 7 a factor of 677?
False
Is 3320 a multiple of 20?
True
Is 67 a factor of 12864?
True
Is 47 a factor of 102267?
False
Is 90 a factor of 1350?
True
Does 152 divide 2508?
False
Does 11 divide 261?
False
Is 684 a multiple of 12?
True
Is 4428 a multiple of 98?
False
Does 4 divide 23596?
True
Is 24 a factor of 136?
False
Is 13 a factor of 113?
False
Is 2976 a multiple of 31?
True
Does 26 divide 24095?
False
Is 93 a factor of 1302?
True
Is 34 a factor of 340?
True
Does 78 divide 1794?
True
Does 13 divide 181?
False
Is 3451 a multiple of 60?
False
Is 22 a factor of 515?
False
Is 2625 a multiple of 3?
True
Is 1307 a multiple of 13?
False
Is 5 a factor of 711?
False
Is 13 a factor of 2262?
True
Is 34650 a multiple of 175?
True
Does 20 divide 742?
False
Does 246 divide 48708?
True
Does 2 divide 2105?
False
Does 244 divide 17080?
True
Is 367 a multiple of 15?
False
Does 92 divide 3545?
False
Is 1745 a multiple of 15?
False
Is 2028 a multiple of 6?
True
Is 4 a factor of 4686?
False
Is 11912 a multiple of 42?
False
Does 111 divide 33718?
False
Does 122 divide 5002?
True
Is 31 a factor of 372?
True
Is 10248 a multiple of 28?
True
Does 10 divide 5520?
True
Does 12 divide 110?
False
Does 38 divide 92?
False
Is 62 a factor of 744?
True
Is 2279 a multiple of 15?
False
Is 30 a factor of 4050?
True
Is 31 a factor of 31837?
True
Is 63612 a multiple of 48?
False
Does 113 divide 787?
False
Is 654 a multiple of 106?
False
Does 21 divide 9554?
False
Is 6860 a multiple of 10?
True
Does 65 divide 1625?
True
Does 42 divide 13066?
False
Does 7 divide 350?
True
Is 50 a factor of 352?
False
Is 86627 a multiple of 23?
False
Is 24 a factor of 3174?
False
Does 2 divide 2?
True
I